, -4*f - t - 110 = t. What is the units digit of p(f)?
2
Let o = -36 + 39. Suppose 4*v - 182 = -18. Suppose 0 = -y - y - 3*k + v, o*k = -y + 13. What is the tens digit of y?
2
Let z(n) be the third derivative of n**5/3 + 5*n**4/24 - n**3/3 - 2*n**2. Let r(x) = -51*x - 1884. Let p be r(-37). What is the hundreds digit of z(p)?
1
Let l = 27 + 4086. What is the hundreds digit of l?
1
Let s = 336 - -1614. Suppose 0 = 16*b - 19442 - s. What is the units digit of b?
7
Let x(k) = -23 + 72*k**3 - 71*k**3 + 36*k - 28*k**2 - 8*k + 65. What is the units digit of x(27)?
9
Suppose 2*o - 3*o = -3. Suppose 9 = -0*j + o*j. Suppose -j*q - 22 = -112. What is the units digit of q?
0
Let x = 31 + -23. Suppose -x*g - 8 = -10*g. Suppose -g*l - 2*y + 614 = l, -l - y + 124 = 0. What is the hundreds digit of l?
1
Let w(n) = 2*n**3 + 13*n**2 + 11*n + 1. Let l be w(-5). Suppose -d + 2*c = -721, -25*d + l*d - 4*c + 2824 = 0. What is the units digit of d?
1
Suppose -y + 60 = 2*y. Suppose -6*o = -3*o + 1458. What is the units digit of 12/y + o/(-15)?
3
Suppose -6*x + 4 = -8. Suppose 116 = -x*h + 154. What is the units digit of h?
9
Let h be -65*6/15*-1. Suppose 24*t = h*t + 396. Let b = 339 + t. What is the tens digit of b?
4
Let m = 101 + -97. Let j(i) = 35*i + 58. What is the hundreds digit of j(m)?
1
Suppose -83*r + 159*r - 49*r = 1563354. What is the thousands digit of r?
7
Let g be (-2)/(-4) + 12428/104. Let j(z) = -z**3 - 6*z**2 - 7*z - 3. Let t be j(-5). Suppose 2*x = t*x - g. What is the tens digit of x?
2
Suppose -3*z = 5*a + 102, -26 = 2*a - 4*z + 20. What is the tens digit of ((-5614)/(-49) - 2/a)*3?
4
Let q be (-20)/(-22) - (-2 - -12)/(-110). What is the hundreds digit of q/((-3)/29808*-8)?
2
Suppose 0 = 704*x - 700*x + 1672. Let f = 543 + x. What is the hundreds digit of f?
1
Let z = -87 + 103. Let r be (z/(-6) - -3)*9. Suppose 5*y + 50 = t, -8*y = t - r*y - 20. What is the units digit of t?
5
Suppose -5*b - 14 = -4*q, 3*q + 3 = -b + 4. What is the tens digit of 230/(-8)*2*-6*q?
4
Let t be (8 + -35)/(4/(16/6)). Let i(j) = j**2 + 6*j - 6. What is the hundreds digit of i(t)?
2
Let z(i) = 11*i + 4*i**2 - 22*i**3 + 23*i**3 + 10*i**2 - 3 - 8. What is the tens digit of z(-5)?
5
Let d(y) = -11*y**3 - 14*y**2 + 7*y + 5. Let z(i) = i**2 - i + 1. Let v(m) = d(m) + 6*z(m). What is the units digit of v(-5)?
1
Let q = -181 + 88. Let h = q - -17. Let k = h + 86. What is the tens digit of k?
1
Let h = 14718 + -6776. What is the hundreds digit of h?
9
Suppose 3*x - 880 = -328. Suppose 12*f - x = 10*f. What is the tens digit of f?
9
Let k(j) = -2*j**3 - j**2 + 9*j + 13. Let c be k(-2). Suppose 8008 = 18*y - c*y. What is the hundreds digit of y?
7
Let h(x) = 109*x**3 - 4*x**2 + 48*x - 344. What is the units digit of h(6)?
4
Suppose 10*m - 147 = 483. What is the hundreds digit of ((-9)/7 - -1) + 7452/m?
1
Let r(s) = -s**3 - 3*s + 3. Let j be r(-2). Suppose -3*a + 3141 = -5*i, j*i - 19*i = -5*a + 5235. What is the units digit of a?
7
Let d = -31559 + 46232. What is the ten thousands digit of d?
1
Let y(t) = 7*t - 31. Let k be y(-19). Let q = -151 - k. What is the units digit of q?
3
Let p be ((-16)/(-6) + 1)/(27/(-8667)). Let l = -520 - p. What is the hundreds digit of l?
6
Let n = 45 - 44. Let h be n + 3/4 + (-1)/(-4). Suppose u - 2*k = 106, -h*u + 137 + 102 = 5*k. What is the hundreds digit of u?
1
Suppose y - 4*v - 2 = -8, -v = -2. Suppose -y = -2*m + 2. What is the tens digit of -4 + 39 - -1 - m?
3
Let s = 29 + -17. Let a(g) be the second derivative of g**5/20 - 13*g**4/12 + 5*g**3/2 + 11*g**2 + 34*g - 3. What is the tens digit of a(s)?
5
Let r(b) = 5*b + 38. Let x be r(-7). Suppose -4*a + 5*q - 7 + 32 = 0, x*a + 15 = -3*q. Suppose j + 2*j - 516 = a. What is the tens digit of j?
7
Let s(c) = c**3 - 50*c**2 + 2*c - 149. What is the hundreds digit of s(53)?
3
Suppose 28 = -n + 3*w, 4*n + 2*w + 2*w + 32 = 0. Let l be (-3)/(((-1)/(-353))/(n/39)). Suppose -19*i + l = -1395. What is the tens digit of i?
9
Let x be 147/(-49) - (-1224 + -1). Suppose 8*m - x - 5746 = 0. What is the units digit of m?
1
Let s(n) = n**3 + 14*n**2 + 3*n - 28. Let t be s(-14). What is the tens digit of (-29420)/t + (-4)/14?
2
Suppose 562*d = 561*d + 11. What is the tens digit of ((-584)/(-6))/(d/33)?
9
Let w(r) = -r - 4*r + 2*r. Let f be w(-6). Suppose 0 = -13*g + f*g - 105. What is the tens digit of g?
2
Let g = -700 - -842. Suppose 5*z - 54 = 1556. Let u = z - g. What is the tens digit of u?
8
Let r be (-1240)/(-6) + (-102)/153. Suppose 0 = m - r - 237. What is the tens digit of m?
4
Suppose 45*r - 212080 - 724334 = -87399. What is the thousands digit of r?
8
Let j(v) = -3*v - 30. Let p be j(-11). Suppose -p*x - 3 = -0, 3*d + 3*x = -15. What is the tens digit of (d - -3)/((-4)/456*2)?
5
Let h be (161 - -1)*2/2. Let q = -4323 + 4298. Let s = h - q. What is the tens digit of s?
8
Suppose 0 = -15*r - 14 + 74. Suppose 5*b = -4*a + 1832, -4*a - r*b + 1166 = -666. What is the hundreds digit of a?
4
Let a be (-2530)/14 + (-8)/(-112)*-4. What is the hundreds digit of (a/(-3))/((-3)/(-9))?
1
What is the units digit of (-85 - -89)/((-4)/(-3787))?
7
Suppose 108*b - 32*b - 1323324 = -32*b. What is the thousands digit of b?
2
Suppose 90*u - 7*u - 133547 = 0. What is the units digit of u?
9
Suppose -4*s + 5*r + 0*r - 125 = 0, s + 3*r + 44 = 0. Let c = s + 40. Suppose -126 - 89 = -c*u. What is the units digit of u?
3
Suppose -6571 + 51355 = 24*k. What is the hundreds digit of k?
8
Suppose -5*w - b - 18 = 0, 2*w - b + 2*b + 9 = 0. Let x be -4 - (-888 - -5) - (-9)/w. Suppose -6*g = 192 - x. What is the units digit of g?
4
Let r(v) = -5*v + 10*v + 5*v - v**3 + 0*v**3 - 4 - 9*v**2. Let g be r(-10). What is the units digit of (3/(-2))/(g/48)?
8
Let g = 2349 - -10731. What is the thousands digit of g?
3
Let u = 36 - 21. Let j be 2/u + 4053/315. Suppose 0 = g - 14 + j. What is the units digit of g?
1
Suppose -19*w = -18*w - 3. Suppose -w = q - 2*q. Suppose -q*v + 73 + 401 = 0. What is the units digit of v?
8
Let j(v) = 128*v - 17. Let p be j(1). Suppose -p = -3*l + 966. What is the tens digit of l?
5
Let j(h) = 2*h**3 - 5*h**2 - 3*h + 4. Let c(y) be the first derivative of -2*y**2 - 74*y - 15. Let u be c(-20). What is the hundreds digit of j(u)?
2
Suppose 6*m - 11*m = -125. Suppose 4*b - 5*d = -m + 7, 39 = -5*b - 2*d. What is the units digit of ((-4)/b)/((-6)/(-21))?
2
Let a = -34469 - -66437. What is the units digit of a?
8
Suppose 19*i - 23*i + 9172 = 0. What is the units digit of i?
3
Let w be (-1)/(1 - 8/6)*1. What is the hundreds digit of 2301/9 - (-1)/w?
2
Suppose 11*b + 4956 = 18*b. Suppose -5*r + 2*d = -3600, 3*r + b = 4*r + 2*d. What is the hundreds digit of r?
7
Suppose -18*y + 161 + 19 = 0. What is the tens digit of y*((-4)/(-10) + (-18)/(-30))?
1
Let l(p) = -7*p**3 + 6*p**2 - 10*p + 11. Let b be l(3). Let t = b - -848. What is the hundreds digit of t?
6
Suppose -4*k + 7 = 2*x - 7*x, 2*k + 3*x - 9 = 0. Suppose 2 = -k*m + 4*m. Suppose -p - m = 0, -333 - 69 = -4*b + 3*p. What is the units digit of b?
9
Let r = 144 - 142. Suppose -r*y = 5*b - 106 + 9, -y + 50 = 2*b. What is the units digit of y?
6
Suppose 10*q - 63815 = 1515. What is the units digit of q?
3
Suppose -53*a = -19*a - 211888. Suppose 4*r = -12*p + 17*p - 7792, -4*p + 4*r + a = 0. What is the units digit of p?
0
Let q be (-2)/(4/6) + 33. Let l be -5 + q/(0 + 5). What is the tens digit of ((l + 0)/1)/(28/2380)?
8
Let b(p) = 7*p**2 - 4*p + 10. Let h be b(2). Suppose -h*a + 24*a + 1074 = 0. What is the tens digit of a?
7
Suppose -g + 133 = 6*g. Suppose 0 = -j - 4*l + 393, -5*j + g*l = 22*l - 2016. What is the hundreds digit of j?
4
Let l(a) = -3*a**3 + 4*a**2 + 34*a + 247. What is the units digit of l(-5)?
2
Let c be (-4 + 4)/(-3 - 0). Suppose -838 = -c*o - o - 2*k, 0 = 3*o - 5*k - 2470. Suppose 10*r - 2570 = -o. What is the tens digit of r?
7
Suppose -2*u - 27284 = -2*a, 4*a = 8*a + u - 54578. What is the units digit of a?
4
Let o(d) = -236*d - 29. Let m = 997 - 1000. What is the hundreds digit of o(m)?
6
Suppose -7 = 5*f + 13, -5*u = 2*f - 172. Let p = 69 - u. What is the tens digit of p?
3
Let d(z) = 23*z**2 + 5*z + 4. Let s be d(-3). Suppose -n - b + 5*b = -100, 2*n - s = 4*b. Suppose -3*v - n = -6*v. What is the tens digit of v?
3
Let s be (-42)/63 